er when 755994 is divided by 78?
18
What is the remainder when 10194 is divided by 1272?
18
What is the remainder when 9454 is divided by 18?
4
Calculate the remainder when 5714 is divided by 487.
357
What is the remainder when 141099 is divided by 425?
424
Calculate the remainder when 85503 is divided by 256.
255
Calculate the remainder when 77523 is divided by 18.
15
What is the remainder when 108253 is divided by 36080?
13
Calculate the remainder when 268 is divided by 7.
2
Calculate the remainder when 2186 is divided by 1061.
64
What is the remainder when 607749 is divided by 19?
15
What is the remainder when 6681 is divided by 163?
161
What is the remainder when 6129 is divided by 140?
109
What is the remainder when 92649 is divided by 46321?
7
What is the remainder when 314747 is divided by 18?
17
Calculate the remainder when 14602 is divided by 55.
27
What is the remainder when 6106 is divided by 261?
103
What is the remainder when 15165 is divided by 840?
45
What is the remainder when 8447 is divided by 30?
17
What is the remainder when 95780 is divided by 307?
303
Calculate the remainder when 349020 is divided by 607.
602
Calculate the remainder when 5746 is divided by 421.
273
What is the remainder when 25653 is divided by 40?
13
Calculate the remainder when 425192 is divided by 11189.
10
What is the remainder when 623488 is divided by 657?
652
Calculate the remainder when 19954 is divided by 13.
12
What is the remainder when 139313 is divided by 187?
185
Calculate the remainder when 1674156 is divided by 1854.
1848
Calculate the remainder when 95479 is divided by 99.
43
Calculate the remainder when 53838 is divided by 758.
20
Calculate the remainder when 38743 is divided by 523.
41
Calculate the remainder when 3962 is divided by 1178.
428
Calculate the remainder when 687 is divided by 329.
29
Calculate the remainder when 35521 is divided by 658.
647
What is the remainder when 163901 is divided by 197?
194
Calculate the remainder when 2879 is divided by 40.
39
What is the remainder when 55008 is divided by 237?
24
What is the remainder when 8896 is divided by 133?
118
What is the remainder when 508 is divided by 150?
58
Calculate the remainder when 4833 is divided by 50.
33
What is the remainder when 427836 is divided by 106958?
4
Calculate the remainder when 3337 is divided by 208.
9
What is the remainder when 12433 is divided by 12431?
2
What is the remainder when 7252 is divided by 42?
28
What is the remainder when 5790 is divided by 855?
660
What is the remainder when 26526 is divided by 8833?
27
What is the remainder when 706508 is divided by 13?
10
Calculate the remainder when 12370 is divided by 1761.
43
What is the remainder when 14621 is divided by 332?
13
What is the remainder when 1263 is divided by 405?
48
Calculate the remainder when 12082 is divided by 522.
76
Calculate the remainder when 3646 is divided by 1714.
218
Calculate the remainder when 2678 is divided by 270.
248
Calculate the remainder when 39198 is divided by 4355.
3
What is the remainder when 118192 is divided by 23633?
27
Calculate the remainder when 5271 is divided by 211.
207
Calculate the remainder when 29556 is divided by 52.
20
Calculate the remainder when 28657 is divided by 41.
39
Calculate the remainder when 9436 is divided by 13.
11
Calculate the remainder when 228471 is divided by 152.
15
Calculate the remainder when 3256 is divided by 211.
91
What is the remainder when 3474 is divided by 75?
24
Calculate the remainder when 11732 is divided by 308.
28
Calculate the remainder when 25622 is divided by 25.
22
Calculate the remainder when 50115 is divided by 61.
34
What is the remainder when 13438 is divided by 2038?
1210
What is the remainder when 219907 is divided by 23?
4
Calculate the remainder when 5890 is divided by 723.
106
What is the remainder when 13827 is divided by 2304?
3
Calculate the remainder when 2766 is divided by 248.
38
What is the remainder when 170906 is divided by 784?
778
What is the remainder when 1847 is divided by 722?
403
Calculate the remainder when 2711 is divided by 750.
461
What is the remainder when 3229498 is divided by 1543?
1542
Calculate the remainder when 130653 is divided by 2.
1
Calculate the remainder when 130103 is divided by 52.
51
Calculate the remainder when 1133 is divided by 298.
239
Calculate the remainder when 4345 is divided by 1166.
847
Calculate the remainder when 18613 is divided by 503.
2
What is the remainder when 495 is divided by 135?
90
Calculate the remainder when 3470 is divided by 3460.
10
What is the remainder when 18270 is divided by 9126?
18
Calculate the remainder when 19541 is divided by 381.
110
What is the remainder when 833 is divided by 641?
192
Calculate the remainder when 79070 is divided by 268.
10
What is the remainder when 48833 is divided by 6103?
9
Calculate the remainder when 16877 is divided by 20.
17
What is the remainder when 10250 is divided by 209?
9
Calculate the remainder when 39212 is divided by 39110.
102
Calculate the remainder when 6502 is divided by 820.
762
What is the remainder when 88497 is divided by 407?
178
What is the remainder when 749 is divided by 538?
211
Calculate the remainder when 89141 is divided by 22281.
17
What is the remainder when 14485 is divided by 1609?
4
What is the remainder when 56802 is divided by 81?
21
What is the remainder when 83603 is divided by 36?
11
What is the remainder when 120483 is divided by 30120?
3
What is the remainder when 18733 is divided by 175?
8
What is the remainder when 185709 is divided by 490?
489
What is the remainder when 261980 is divided by 4093?
28
What is the remainder when 12758 is divided by 2122?
26
What is the remainder when 4331 is divided by 289?
285
What is the remainder when 51099 is divided by 1042?
41
Calculate the remainder when 1324 is divided by 1264.
60
Calculate the remainder when 3145 is divided by 944.
313
What is the remainder when 24372 is divided by 22?
18
What is the remainder when 89381 is divided by 75?
56
Calculate the remainder when 6569 is divided by 100.
69
Calculate the remainder when 97603 is divided by 80.
3
Calculate the remainder when 2919 is divided by 581.
14
What is the remainder when 22534 is divided by 46?
40
Calculate the remainder when 3066 is divided by 804.
654
Calculate the remainder when 42157 is divided by 98.
17
What is the remainder when 607773 is divided by 12?
9
What is the remainder when 399676 is divided by 164?
8
Calculate the remainder when 137640 is divided by 43.
40
What is the remainder when 32597 is divided by 3?
2
Calculate the remainder when 6636 is divided by 317.
296
What is the remainder when 8904 is divided by 16?
8
Calculate the remainder when 12835 is divided by 6413.
9
Calculate the remainder when 2760 is divided by 97.
44
What is the remainder when 15652 is divided by 289?
46
What is the remainder when 32201 is divided by 73?
8
Calculate the remainder when 2080 is divided by 453.
268
Calculate the remainder when 16637 is divided by 65.
62
Calculate the remainder when 56269 is divided by 547.
475
What is the remainder when 963679 is divided by 1585?
1584
Calculate the remainder when 179359 is divided by 63.
61
Calculate the remainder when 211604 is divided by 21.
8
Calculate the remainder when 26696 is divided by 26660.
36
Calculate the remainder when 6502 is divided by 2149.
55
What is the remainder when 1138 is divided by 406?
326
Calculate the remainder when 227336 is divided by 47.
44
What is the remainder when 3100 is divided by 1843?
1257
What is the remainder when 4790 is divided by 145?
5
What is the remainder when 2958 is divided by 969?
51
Calculate the remainder when 1245 is divided by 479.
287
Calculate the remainder when 8374 is divided by 643.
15
What is the remainder when 581790 is divided by 47?
24
Calculate the remainder when 2081 is divided by 25.
6
Calculate the remainder when 17664 is divided by 43.
34
What is the remainder when 55967 is divided by 1512?
23
Calculate the remainder when 2566 is divided by 748.
322
What is the remainder when 59959 is divided by 559?
146
Calculate the remainder when 2052 is divided by 129.
117
Calculate the remainder when 23823 is divided by 23813.
10
Calculate the remainder when 32718 